st common factor of 412 and o.
206
Let z be (-255)/680 - ((-1718)/16 - 1). Calculate the highest common divisor of z and 135.
27
Suppose 9*z = -53*z + 434. Suppose 0*t + 5*t - 315 = 0. What is the greatest common factor of z and t?
7
Let d(j) = 5*j + 7*j**3 - 20*j**2 + 3*j**2 - 6*j**3. Let t be d(17). Suppose -4*h = -h - 51. What is the greatest common divisor of t and h?
17
Suppose 687*s - 715*s + 6468 = 0. Calculate the greatest common factor of s and 55.
11
Let t be (-2 - 1055/(-15)) + (-16 - (-164)/12). Calculate the highest common factor of 24 and t.
6
Let y be 3*(3 - 870/18). Let u be (266/28)/((-4)/y). Calculate the highest common factor of u and 38.
19
Suppose -569*w - 36234 = -630*w. Calculate the greatest common divisor of 90 and w.
18
Suppose 15 = 6*j - 27. Let g = 14 + j. What is the highest common factor of g and 9?
3
Suppose 3*t = -2*i + 33, -9*t + 6*t = -i - 6. Suppose 0 = i*q + 246 - 903. Calculate the greatest common factor of q and 2.
1
Suppose 3*t - 22 = -13. Let w be 6*(t - 3*42/54). Let h(z) = 3*z**2 - z. Let c be h(-1). What is the greatest common factor of w and c?
4
Let j(o) = -o**3 - 18*o**2 + 7*o - 32. Let v be j(-22). Suppose 1753*x - v*x = 165. Calculate the highest common factor of x and 143.
11
Let h = 25933 - -18077. Calculate the highest common divisor of h and 270.
270
Suppose 53*s = 44*s - 108. Let d be (34/8)/(s/(-48)). What is the highest common factor of 323 and d?
17
Let s be (-30)/(-20)*8/6. Suppose 7*q + 2*d = s*q + 5, -3*q + d - 8 = 0. Let o be (-37 + 2 + 4)*q. What is the greatest common factor of 124 and o?
31
Suppose -i + 3*w + 226 = 6*w, -932 = -4*i - 5*w. Let s = 243 - i. Let h be 122/3 - 4/6. Calculate the greatest common factor of s and h.
5
Suppose 3*y - 14712 = -3*l, 10*l - 7*l = -2*y + 9815. What is the highest common factor of 59 and y?
59
Let q = 60 - 56. Suppose 5*l = -20, q*t + 4*l - 3*l = 80. Calculate the greatest common factor of 63 and t.
21
Suppose 62 = 3*y - p, y + 3*y - 4*p - 80 = 0. Suppose 144*d = -280 - 440. Let j be -20*(y/d + 1). Calculate the highest common divisor of j and 8.
8
Let h be 88/14 - (-4)/(-14). Let b be (2 - 0 - 9/4)*-2792. Let j = b - 656. What is the highest common divisor of j and h?
6
Let m = 24 - -3. Suppose -4 = 2*w, -40 + 24 = -f - w. Calculate the highest common divisor of m and f.
9
Let n(c) = -1319*c - 7484. Let i be n(-6). What is the highest common divisor of i and 3483?
43
Let t = -10736 - -10976. What is the highest common factor of t and 195?
15
Suppose -1606 = -75*u + 1019. Calculate the highest common factor of 3500 and u.
35
Suppose -10 = 3*s + 2*k, -3*s + 12 = -2*k + 2. Suppose s = -5*i + 440 + 165. What is the greatest common factor of 33 and i?
11
Let b = 4184 + -4166. Calculate the highest common factor of 288 and b.
18
Let c be (972/(-45))/9*20/(-6). Suppose -c*d = 2*d - 60. Let r(q) = -q**2 - 4*q + 2. Let w be r(-4). Calculate the highest common factor of d and w.
2
Suppose 0 = -6*w - 7*w + 4212. Suppose -7*t + w = -243. Calculate the highest common factor of 108 and t.
27
Suppose 6019 = 5*z - u + 5637, -2*z - 2*u = -136. Let k = 4 + 6. What is the greatest common factor of z and k?
5
Let f = 9143 + -6244. Calculate the greatest common divisor of f and 13.
13
Suppose -3*u + u = -5*g - 7, -g = -5*u + 6. Let s(t) = 89*t**2 + 1. Let i be s(u). Calculate the greatest common factor of 15 and i.
15
Let i(p) = p + 2. Let f be i(0). Suppose 0*k - f*k = -80. Suppose -5*r + 4*t = -33, -r - 4*t = -8 + 11. What is the highest common divisor of r and k?
5
Suppose 4*a = -21*r + 23*r - 862, -5*a + 4*r - 1079 = 0. Let n = 5 + -3. Let h be n*3*a/(-30). What is the highest common factor of h and 43?
43
Suppose 1987 + 156 = 38*j - 365. What is the greatest common divisor of 4356 and j?
66
Let x be (1 - 6) + (6972/(-56))/((-9)/6). What is the greatest common divisor of x and 5694?
78
Let x be (1/(4/(-18128)))/((-44)/22). Calculate the highest common divisor of 22 and x.
22
Let a(y) = -y**3 + 7*y**2 + 20*y + 4. Let u be a(-3). Suppose -2*o + 196 = u. What is the greatest common divisor of 648 and o?
81
Let m(b) be the second derivative of -b**3/6 + 47*b**2/2 - 80*b - 2. Let n be m(-25). Calculate the highest common factor of n and 648.
72
Let w = -2586 - -12252. Calculate the highest common divisor of 54 and w.
54
Suppose 5*u = 14*u + 234. Suppose -2*h - 25 + 111 = 0. Let v = h + u. What is the greatest common divisor of v and 34?
17
Let t be 8/6 + 1988/84. Suppose 0 = -14*r + 20*r - 210. What is the highest common divisor of r and t?
5
Let q = 2849 + -1576. Suppose -1224 = h - q. Calculate the highest common divisor of 49 and h.
49
Let q(c) = 55*c + 1657. Let r be q(-26). Calculate the greatest common factor of r and 1.
1
Let o(r) = 19*r**2 - 8*r - 6. Let u be o(1). What is the highest common divisor of 109 and u?
1
Let f(h) = 7*h**3 + h**2 - 2. Let c be f(1). Let p be c/45 + (-6924)/(-45). Let w be 11 + 1/(1/3). Calculate the greatest common factor of w and p.
14
Suppose 87 = 5*p - 73. Let t be ((-12)/(-21))/((-2580)/1295 + 2). Let a be t/19 - 38/(-361). Calculate the highest common divisor of a and p.
4
Let p be (-10)/(-15) + 112/3. What is the greatest common divisor of p and 5947?
19
Let p(a) = 2*a**2 - 6*a - 16. Let b(y) = 2*y**2 - 7*y - 14. Let k(i) = -3*b(i) + 2*p(i). Let w be k(4). What is the greatest common divisor of w and 14?
14
Suppose 2*o - 15 = -5. Suppose -85 = -o*b - 2*r, 4*r = -r - 25. Calculate the greatest common divisor of 152 and b.
19
Let u = 134 + -29. Let v = u - -77. Calculate the highest common factor of 28 and v.
14
Let d be (-8)/20 - (-9)/5*3. Suppose 0 = -10*v + 13*v + o - 251, -d*o = 3*v - 247. Calculate the highest common divisor of v and 21.
21
Let t = -7159 - -7430. What is the highest common divisor of 2 and t?
1
Let z(c) = -21*c - 431. Let i be z(-27). What is the greatest common factor of i and 4352?
136
Suppose -5472 = -100*z + 4*z. Let b = 12 - -387. Calculate the highest common factor of z and b.
57
Suppose -2*m + 648 = m. Let q be 44/638 - (-1380)/174. Calculate the highest common divisor of q and m.
8
Let p(r) = -3*r - 63. Let u be p(-35). What is the highest common divisor of u and 7602?
42
Let t be ((-4)/3)/((-4)/18). Let c be 60/(-25)*(-40)/t. Let g be -14*(6 + 88/(-14)). What is the greatest common factor of c and g?
4
Suppose -h + 4 = 0, -i - 39*h + 37*h + 38 = 0. What is the highest common divisor of 7110 and i?
30
Let p(r) = r**3 - 14*r**2 + r + 35. Suppose 4 = j, 4*y - 2*y - 3*j - 16 = 0. Let l be p(y). Let f = 784 - 343. What is the greatest common divisor of l and f?
49
Suppose 12*s - 8*s - 2*v = 112, -2*v = 0. Suppose 458 = 3*h - 4*j, -3*h + 3*j + 459 = -0*j. What is the highest common divisor of s and h?
14
Suppose 0 = 6*l + 9*l - 3345. Suppose l = -o - 5*q, o - 5*o - 2*q - 946 = 0. Let h be 2/10 - o/35. Calculate the highest common factor of h and 63.
7
Suppose 5*n - 998 = -228. Let d be (268 + -238)/((-434)/(-98) + 8/(-2)). Calculate the highest common factor of n and d.
14
Suppose -5*h + 11 = -9, t - 4*h = -36. Let p = -19 - t. Suppose o = -4*w + 221, -2*o + o + p = 0. What is the highest common factor of w and 5?
5
Let w = 274 - -288. Let n = w + -400. Suppose -n = -3*d - 54. Calculate the greatest common divisor of d and 108.
36
Let n be 1 + ((-2)/4)/((-1)/4). Let a = 8 - 8. Let b be 26 - (-2 - ((-2 - -1) + a)). What is the greatest common factor of n and b?
3
Suppose 124 + 2 = 2*w - 4*d, -4*w + 222 = -2*d. Calculate the highest common factor of w and 1.
1
Let k = 100287 - 100266. Let i(w) = 89*w - 4. Let m be i(5). Calculate the highest common factor of k and m.
21
Let x(f) = -7*f + 700. Let b be x(74). Calculate the highest common factor of 208 and b.
26
Let p = 1711 - 1706. Let u(g) = 5*g**2 - 35*g - 10. Let l be u(13). What is the greatest common factor of l and p?
5
Let q(s) = -6349*s - 30502. Let z be q(-5). Let o = 7 + 4. Calculate the highest common factor of o and z.
11
Let g = 2690 + -2322. What is the greatest common divisor of 256 and g?
16
Let i = 27261 - 27181. What is the greatest common factor of i and 1072?
16
Suppose 0 = 4*o - 1 - 3. Suppose 5*k - 59 = 136*l - 144*l, 3*l + 129 = 3*k. What is the greatest common factor of o and k?
1
Let h(x) = -37*x**3 - 2*x**2 - 9*x - 8. Let n be